 of 96?
False
Is 26 a factor of 126386?
True
Is 765 a factor of 3239775?
True
Does 334 divide 1159946?
False
Is 2592184 a multiple of 328?
True
Is 223 a factor of 2126545?
False
Does 266 divide 159278?
False
Does 5 divide 283331?
False
Does 46 divide 3577396?
False
Is 50077 a multiple of 3?
False
Does 82 divide 138869?
False
Is 5057004 a multiple of 6?
True
Is 19021184 a multiple of 497?
True
Is 10 a factor of 1009996?
False
Is 3 a factor of 793373?
False
Is 25 a factor of 449804?
False
Is 82340 a multiple of 9?
False
Is 11 a factor of 7043699?
False
Is 2137050 a multiple of 50?
True
Does 80 divide 83450?
False
Is 1174915 a multiple of 80?
False
Does 45 divide 466135?
False
Is 506 a factor of 6159448?
False
Does 527 divide 147582?
False
Is 373 a factor of 1385322?
True
Is 99 a factor of 59004?
True
Does 13 divide 3428786?
False
Does 95 divide 121790?
True
Is 75 a factor of 36047905?
False
Does 386 divide 729639?
False
Is 11 a factor of 1806651?
True
Does 4 divide 51801?
False
Does 307 divide 1591739?
False
Is 49525 a multiple of 35?
True
Is 21 a factor of 13048770?
True
Is 22 a factor of 18994844?
True
Is 5 a factor of 3051016?
False
Is 14 a factor of 193799?
False
Is 204535 a multiple of 95?
True
Is 169448 a multiple of 8?
True
Is 381051 a multiple of 77?
False
Is 9 a factor of 707364?
True
Is 110653 a multiple of 24?
False
Is 147490 a multiple of 86?
True
Is 9899 a multiple of 19?
True
Is 4 a factor of 1178137?
False
Is 166 a factor of 477250?
True
Is 498 a factor of 2781330?
True
Does 7 divide 3529540?
True
Is 6009486 a multiple of 8?
False
Is 2573280 a multiple of 9?
True
Is 64568 a multiple of 28?
True
Is 15478 a multiple of 71?
True
Is 44 a factor of 337903?
False
Does 11 divide 112544?
False
Does 436 divide 441232?
True
Is 605688 a multiple of 6?
True
Is 520456 a multiple of 31?
False
Does 31 divide 2257349?
False
Is 27 a factor of 19013403?
False
Is 383769 a multiple of 9?
True
Does 2360 divide 1285440?
False
Is 687 a factor of 1760082?
False
Does 100 divide 425813?
False
Is 27 a factor of 2328441?
False
Does 28 divide 38416?
True
Is 15 a factor of 1049265?
True
Is 721280 a multiple of 140?
True
Is 188732 a multiple of 116?
True
Is 30 a factor of 4179390?
True
Is 2428960 a multiple of 544?
True
Is 336689 a multiple of 3?
False
Is 6 a factor of 111250?
False
Does 117 divide 11921932?
False
Does 454 divide 11723642?
True
Is 18 a factor of 249372?
True
Does 6 divide 844?
False
Is 4 a factor of 1195532?
True
Does 5 divide 98493?
False
Does 7 divide 6673128?
True
Is 20 a factor of 4076828?
False
Is 188046 a multiple of 22?
False
Is 13648 a multiple of 13?
False
Is 809046 a multiple of 13?
False
Does 516 divide 2914089?
False
Is 157 a factor of 586505?
False
Does 32 divide 13315488?
True
Is 38208 a multiple of 13?
False
Is 234 a factor of 1544716?
False
Is 111 a factor of 6083466?
True
Is 17456 a multiple of 16?
True
Is 7575648 a multiple of 368?
True
Does 11 divide 146291?
False
Is 40 a factor of 20840?
True
Is 564620 a multiple of 37?
True
Is 277508 a multiple of 4?
True
Does 5 divide 262145?
True
Is 26346 a multiple of 21?
False
Is 1682662 a multiple of 482?
True
Is 210 a factor of 419924?
False
Does 2 divide 1271346?
True
Does 12 divide 666989?
False
Does 303 divide 2361648?
False
Is 25 a factor of 2660225?
True
Is 6 a factor of 60924?
True
Is 59 a factor of 314057?
True
Is 39 a factor of 2388713?
False
Does 1215 divide 730215?
True
Is 1264292 a multiple of 386?
False
Is 281 a factor of 1227127?
True
Does 523 divide 528753?
True
Is 171 a factor of 5640093?
True
Is 64264 a multiple of 58?
True
Is 139 a factor of 180300?
False
Does 9 divide 339291?
True
Does 74 divide 100421?
False
Is 32 a factor of 20923059?
False
Does 218 divide 329259?
False
Is 193 a factor of 2240744?
False
Does 2 divide 4893062?
True
Does 38 divide 96817?
False
Does 3 divide 1551096?
True
Does 2 divide 536?
True
Is 5291514 a multiple of 27?
True
Is 211699 a multiple of 3?
False
Does 91 divide 124852?
True
Is 296 a factor of 63599?
False
Is 28 a factor of 133871?
False
Does 306 divide 4944960?
True
Does 299 divide 994866?
False
Is 22376 a multiple of 5?
False
Does 25 divide 734750?
True
Is 6 a factor of 21028?
False
Is 301 a factor of 4989978?
True
Is 17 a factor of 1181972?
False
Is 86 a factor of 236287?
False
Is 407 a factor of 1692306?
True
Does 169 divide 111202?
True
Is 59382 a multiple of 11?
False
Is 647 a factor of 6140196?
False
Is 10 a factor of 179845?
False
Is 18908500 a multiple of 65?
True
Is 111 a factor of 3979120?
False
Is 702 a factor of 906282?
True
Is 56480 a multiple of 32?
True
Does 5 divide 4784?
False
Does 12 divide 12697?
False
Does 55 divide 2177560?
True
Is 89280 a multiple of 24?
True
Is 362 a factor of 92310?
True
Is 2497392 a multiple of 162?
True
Is 26577990 a multiple of 27?
True
Is 737 a factor of 15216102?
True
Is 19829422 a multiple of 353?
True
Is 11 a factor of 1447853?
True
Does 15 divide 131198?
False
Is 115 a factor of 126932?
False
Is 68 a factor of 87788?
True
Does 9 divide 179028?
True
Is 7629158 a multiple of 1688?
False
Does 303 divide 329322?
False
Is 7166280 a multiple of 305?
True
Does 89 divide 160823?
True
Is 2242231 a multiple of 133?
False
Is 221958 a multiple of 66?
True
Is 431 a factor of 6547752?
True
Is 63 a factor of 432529?
False
Does 5 divide 50307?
False
Is 88 a factor of 93744?
False
Is 1735727 a multiple of 49?
True
Is 16 a factor of 367488?
True
Is 19 a factor of 755154?
False
Is 58 a factor of 5585802?
False
Is 942546 a multiple of 66?
True
Is 4799413 a multiple of 13?
False
Is 707 a factor of 3304518?
True
Is 577 a factor of 1445582?
False
Does 512 divide 6945280?
True
Is 814 a factor of 3908014?
True
Is 3906074 a multiple of 13?
False
Does 42 divide 156812?
False
Is 826984 a multiple of 167?
True
Is 24618 a multiple of 9?
False
Does 28 divide 273560?
True
Does 129 divide 7797921?
True
Is 14 a factor of 1476202?
True
Is 1427743 a multiple of 102?
False
Does 151 divide 6598647?
False
Is 6074024 a multiple of 506?
True
Is 836440 a multiple of 32?
False
Is 46 a factor of 86732?
False
Is 31913 a multiple of 329?
True
Is 389078 a multiple of 163?
False
Is 43673 a multiple of 174?
False
Does 41 divide 14442?
False
Is 162 a factor of 116972?
False
Is 220320 a multiple of 408?
True
Does 13 divide 20294?
False
Is 2807702 a multiple of 67?
True
Is 93 a factor of 32220315?
True
Is 4182568 a multiple of 104?
True
Is 11 a factor of 4713555?
True
Is 172800 a multiple of 64?
True
Is 10 a factor of 494940?
True
Is 38 a factor of 24814?
True
Is 206952 a multiple of 2?
True
Is 61 a factor of 175741?
True
Does 26 divide 2958020?
True
Does 17 divide 514521?
False
Is 7 a factor of 81845?
False
Does 210 divide 1955730?
True
Is 35 a factor of 5036?
False
Does 89 divide 193842?
True
Does 24 divide 1052064?
True
Does 143 divide 69927?
True
Is 45909 a multiple of 6?
False
Does 190 divide 4651508?
False
Is 34 a factor of 101709?
False
Does 17 divide 373117?
False
Does 57 divide 998695?
False
Does 29 divide 331180?
True
Is 2388360 a multiple of 179?
False
Is 2844224 a multiple of 64?
True
Is 20 a factor of 43184?
False
Is 19 a factor of 867083?
False
Does 63 divide 5668734?
False
Is 108318 a multiple of 21?
True
Is 3 a factor of 63613?
False
Is 1922170 a multiple of 5?
True
Is 292 a factor of 25385?
False
Is 445890 a multiple of 30?
True
Is 231849 a multiple of 27?
True
Does 131 divide 59212?
True
Is 14700 a multiple of 350?
True
Is 3 a factor of 29?
False
Does 478 divide 1662006?
True
Is 201420 a multiple of 9?
True
Does 7 divide 1143751?
True
Does 27 divide 3162942?
True
Is 36 a factor of 1086336?
True
Is 20 a factor of 8102353?
False
Is 285 a factor of 3013025?
False
Is 9108 a multiple of 276?
True
Is 136 a factor of 343808?
True
Is 397824 a multiple of 448?
True
Does 201 divide 318183?
True
Does 111 divide 59940?
True
Does 27 divide 46499?
False
Is 18 a factor of 37926?
True
Is 91 a factor of 4374188?
True
Is 30 a factor of 5144730?
True
Does 60 divide 34352061?
False
Is 1729 a factor of 6087241?
False
Is 3 a factor of 15080?
False
Does 54 divide 359854?
False
Is 2549560 a multiple of 40?
True
Is 2655198 a multiple of 214?
False
Does 353 divide 373474?
True
Is 21 a factor of 2159666?
False
Is 602272 a multiple of 944?
True